{"id":2419,"date":"2020-11-19T14:41:19","date_gmt":"2020-11-19T17:41:19","guid":{"rendered":"http:\/\/loja.adorlyscosmeticos.com.br\/?post_type=product&#038;p=2419"},"modified":"2023-01-20T20:06:17","modified_gmt":"2023-01-20T23:06:17","slug":"produto-3","status":"publish","type":"product","link":"https:\/\/adorlyscosmeticos.com.br\/loja\/product\/produto-3\/","title":{"rendered":"Creme Hidratante Corporal Karit\u00e9 e Macad\u00e2mia  140 g"},"content":{"rendered":"<ul>\n<li>100% natural e vegano;<\/li>\n<li>Hidrata\u00e7\u00e3o cont\u00ednua que permanece na pele mesmo ap\u00f3s a lavagem;<\/li>\n<li>Prote\u00e7\u00e3o contra agress\u00f5es externas como sol, frio e polui\u00e7\u00e3o;<\/li>\n<li>A\u00e7\u00e3o antienvelhecimento deixando a pele suave e lisa.<\/li>\n<li>Perfume natural suave da sinergia de \u00f3leos essenciais de cipreste, lavandim, petigrain, ho wood e ylang;<\/li>\n<li>Sem produtos de origem animal e n\u00e3o testado em animais;<\/li>\n<li>Livre de parabenos, fragr\u00e2ncia, corante, silicone e derivados de petr\u00f3leo.<\/li>\n<\/ul>\n<p><strong>MODO DE USAR<\/strong><\/p>\n<p>Aplicar uma fina camada sobre a pele limpa, massagear at\u00e9 a completa absor\u00e7\u00e3o. Reaplicar sempre que necess\u00e1rio. Uso di\u00e1rio.<\/p>\n<p>Importante: por conter extratos naturais o produto poder\u00e1 sofrer varia\u00e7\u00f5es de cor, sem alterar suas propriedades.<\/p>\n<p>&nbsp;<\/p>\n<p><strong>Saiba mais sobre as principais mat\u00e9rias primas que comp\u00f5em esta f\u00f3rmula:<\/strong><\/p>\n<p>&nbsp;<\/p>\n<p><strong>Manteiga de Karit\u00e9<\/strong>&#8211; Possui textura suave, pouco gordurosa, rapidamente absorvida pela pele, protege das agress\u00f5es externas como frio, vento e sol.<\/p>\n<p>Atua para reter a umidade e melhorar a hidrata\u00e7\u00e3o, proporcionando um toque aveludado.<\/p>\n<p><strong>Extrato de Cal\u00eandula<\/strong>&#8211; Acelera a cicatriza\u00e7\u00e3o da pele, com propriedades antif\u00fangicas, anti-inflamat\u00f3rias e antibacterianas \u00fateis na recupera\u00e7\u00e3o de feridas, dermatites e assaduras.<\/p>\n<p><strong>\u00d3leo de Macad\u00e2mia-\u00a0<\/strong>Preserva hidrata\u00e7\u00e3o, a apar\u00eancia saud\u00e1vel e tem a\u00e7\u00e3o regenerativa e antienvelhecimento. Previne a forma\u00e7\u00e3o de rugas e reduz inflama\u00e7\u00f5es.<\/p>\n<p>&nbsp;<\/p>\n<p><strong>Combina\u00e7\u00e3o de amino\u00e1cidos-\u00a0<\/strong>A\u00e7\u00e3o antirrugas e hidratante.<\/p>\n<p>&nbsp;<\/p>\n<p><strong>Bioativos\u00a0<\/strong>(Saccharide Isomerate)- Fornecem hidrata\u00e7\u00e3o instant\u00e2nea, profunda e de longa dura\u00e7\u00e3o. Permanecem na pele mesmo ap\u00f3s a lavagem, ret\u00e9m \u00e1gua mesmo com baixa umidade do ar. Fornecem uma camada de prote\u00e7\u00e3o contra polui\u00e7\u00e3o, frio e calor. Melhoram problemas de pele como descama\u00e7\u00f5es irrita\u00e7\u00e3o, deixando- a suave e lisa.<\/p>\n","protected":false},"excerpt":{"rendered":"<p>Um hidratante <b>para corpo todo <\/b>com ingredientes diferenciados para uma <b>experi\u00eancia sensorial \u00fanica<\/b>: alto poder de hidrata\u00e7\u00e3o, textura leve, toque seco e aveludado.<\/p>\n<p>&nbsp;<\/p>\n<p>&nbsp;<\/p>\n","protected":false},"featured_media":3098,"template":"","meta":[],"product_brand":[],"product_cat":[133,136],"product_tag":[181,176,157,177,171,162,180,174],"class_list":{"0":"post-2419","1":"product","2":"type-product","3":"status-publish","4":"has-post-thumbnail","6":"product_cat-corpo-e-banho","7":"product_cat-hidratantes","8":"product_tag-antienvelhecimento","9":"product_tag-hidratacao","10":"product_tag-natural","11":"product_tag-oleos-essenciais","12":"product_tag-perfume-exclusivo","13":"product_tag-regeneradora-da-pele","14":"product_tag-toque-seco","15":"product_tag-vegano","17":"first","18":"outofstock","19":"sale","20":"featured","21":"taxable","22":"shipping-taxable","23":"purchasable","24":"product-type-simple"},"_links":{"self":[{"href":"https:\/\/adorlyscosmeticos.com.br\/loja\/wp-json\/wp\/v2\/product\/2419","targetHints":{"allow":["GET"]}}],"collection":[{"href":"https:\/\/adorlyscosmeticos.com.br\/loja\/wp-json\/wp\/v2\/product"}],"about":[{"href":"https:\/\/adorlyscosmeticos.com.br\/loja\/wp-json\/wp\/v2\/types\/product"}],"wp:featuredmedia":[{"embeddable":true,"href":"https:\/\/adorlyscosmeticos.com.br\/loja\/wp-json\/wp\/v2\/media\/3098"}],"wp:attachment":[{"href":"https:\/\/adorlyscosmeticos.com.br\/loja\/wp-json\/wp\/v2\/media?parent=2419"}],"wp:term":[{"taxonomy":"product_brand","embeddable":true,"href":"https:\/\/adorlyscosmeticos.com.br\/loja\/wp-json\/wp\/v2\/product_brand?post=2419"},{"taxonomy":"product_cat","embeddable":true,"href":"https:\/\/adorlyscosmeticos.com.br\/loja\/wp-json\/wp\/v2\/product_cat?post=2419"},{"taxonomy":"product_tag","embeddable":true,"href":"https:\/\/adorlyscosmeticos.com.br\/loja\/wp-json\/wp\/v2\/product_tag?post=2419"}],"curies":[{"name":"wp","href":"https:\/\/api.w.org\/{rel}","templated":true}]}}