{"id":848,"date":"2018-02-28T07:46:00","date_gmt":"2018-02-28T07:46:00","guid":{"rendered":"http:\/\/sw-themes.com\/porto_dummy\/?page_id=848"},"modified":"2020-12-17T11:18:20","modified_gmt":"2020-12-17T14:18:20","slug":"sobre","status":"publish","type":"page","link":"https:\/\/adorlyscosmeticos.com.br\/loja\/sobre\/","title":{"rendered":"Sobre"},"content":{"rendered":"<div class=\"wpb-content-wrapper\"><p>[vc_row wrap_container=&#8221;yes&#8221; css=&#8221;.vc_custom_1519804692056{padding-top: 30px !important;padding-bottom: 30px !important;}&#8221;][vc_column width=&#8221;1\/4&#8243; css=&#8221;.vc_custom_1606747827982{padding-right: 40px !important;}&#8221;][vc_single_image image=&#8221;2613&#8243; img_size=&#8221;full&#8221;][\/vc_column][vc_column width=&#8221;3\/4&#8243;]<div class=\"porto-u-heading\" data-hspacer=\"no_spacer\" data-halign=\"left\" style=\"text-align:left\"><div class=\"porto-u-main-heading\"><h2>CUIDADO QUE VEM DA NATUREZA: O CONCEITO EM BIOCOSM\u00c9TICOS<\/h2><\/div><\/div>[vc_column_text]Em 2018 iniciamos longo processo de desenvolvimento de produtos, substituindo componentes qu\u00edmicos convencionais por mat\u00e9rias primas de origem vegetal e claro, sem abrir m\u00e3o da efic\u00e1cia e seguran\u00e7a dos cosm\u00e9ticos.<\/p>\n<p>Nossos produtos s\u00e3o para consumidores de qualquer idade que buscam qualidade de vida, sa\u00fade e respeitam o meio ambiente. Pessoas que se preocupam com o futuro, com a alimenta\u00e7\u00e3o e com o consumo sustent\u00e1vel.<\/p>\n<p>Desenvolvemos cosm\u00e9ticos adequados ao clima mais quente, respeitando a nossa biologia da pele e evitando insumos que causem desconforto em temperaturas elevadas.<\/p>\n<p>Nossas f\u00f3rmulas utilizam mat\u00e9rias primas naturais como manteigas e \u00f3leos vegetais, extratos de plantas, \u00f3leos essenciais e conservantes naturais de excelente qualidade, adquiridas de fornecedores que unem tecnologia e sustentabilidade.<\/p>\n<p>[\/vc_column_text][\/vc_column][\/vc_row][vc_row wrap_container=&#8221;yes&#8221; css=&#8221;.vc_custom_1519804692056{padding-top: 30px !important;padding-bottom: 30px !important;}&#8221;][vc_column width=&#8221;1\/4&#8243; css=&#8221;.vc_custom_1606747827982{padding-right: 40px !important;}&#8221;][\/vc_column][vc_column width=&#8221;3\/4&#8243;][vc_column_text]Al\u00e9m disto, n\u00e3o geram res\u00edduos poluentes e s\u00e3o livres de parabenos, silicone, derivados petr\u00f3leo e subst\u00e2ncias nocivas para a sa\u00fade.<\/p>\n<p>Os derivados de petr\u00f3leo s\u00e3o usados em altas concentra\u00e7\u00f5es nos cosm\u00e9ticos convencionais e s\u00e3o identificados nos r\u00f3tulos como \u00f3leo mineral, vaselina, parafina e petrolatos, entre outros. No seu corpo, s\u00e3o eficientes quando a necessidade \u00e9 apenas criar uma barreira f\u00edsica contra a evapora\u00e7\u00e3o da umidade da pele, mas ap\u00f3s a lavagem do corpo s\u00e3o capazes de chegar at\u00e9 os rios prejudicando a natureza.<\/p>\n<p>Na Adorlys os derivados de petr\u00f3leo sempre ser\u00e3o substitu\u00eddos por manteigas e \u00f3leos vegetais que, al\u00e9m de evitar a evapora\u00e7\u00e3o da umidade da pele ainda promovem hidrata\u00e7\u00e3o e acrescentam muitos nutrientes para sua pele.[\/vc_column_text][\/vc_column][\/vc_row][vc_row wrap_container=&#8221;yes&#8221; css=&#8221;.vc_custom_1606751848058{padding-top: 50px !important;padding-bottom: 40px !important;}&#8221;][vc_column][vc_gallery type=&#8221;image_grid&#8221; images=&#8221;2625,2628,2633,2629&#8243; img_size=&#8221;medium&#8221; css_animation=&#8221;fadeIn&#8221;][\/vc_column][\/vc_row][vc_row disable_element=&#8221;yes&#8221; wrap_container=&#8221;yes&#8221; css=&#8221;.vc_custom_1607967688994{padding-top: 50px !important;padding-bottom: 10px !important;}&#8221;][vc_column]<div class=\"porto-u-heading\" data-hspacer=\"no_spacer\" data-halign=\"center\" style=\"text-align:center\"><div class=\"porto-u-main-heading\"><h2 style=\"font-weight:700;color:#21293c;margin-bottom: 40px;font-size:19px;\">Clientes Satisfeitos<\/h2><\/div><\/div>[vc_row_inner][vc_column_inner width=&#8221;1\/2&#8243;]<div class=\"porto-testimonial wpb_content_element \"><div class=\"testimonial\"><div class=\"testimonial-author clearfix\"><p><a href=\"#\"><strong style=\"color:#2b2b2d\">John Smith<\/strong><\/a><span style=\"color:#62615e\">SMARTWAVE CEO<\/span><\/p><\/div><div class=\"testimonial-arrow-down\"><\/div><blockquote style=\"color:#62615e\"><p>Lorem ipsum dolor sit amet, consectetur elitad adipiscing Cras non placerat mipsum dolor sit amet, consectetur elitad adipiscing cas non placerat mi.<\/p><\/blockquote><\/div><\/div>[\/vc_column_inner][vc_column_inner width=&#8221;1\/2&#8243;]<div class=\"porto-testimonial wpb_content_element \"><div class=\"testimonial\"><div class=\"testimonial-author clearfix\"><p><a href=\"#\"><strong style=\"color:#2b2b2d\">Bob Smith<\/strong><\/a><span style=\"color:#62615e\">SMARTWAVE CEO<\/span><\/p><\/div><div class=\"testimonial-arrow-down\"><\/div><blockquote style=\"color:#62615e\"><p>Lorem ipsum dolor sit amet, consectetur elitad adipiscing Cras non placerat mipsum dolor sit amet, consectetur elitad adipiscing cas non placerat mi.<\/p><\/blockquote><\/div><\/div>[\/vc_column_inner][\/vc_row_inner][\/vc_column][\/vc_row]<\/p>\n<\/div>","protected":false},"excerpt":{"rendered":"<p>[vc_row wrap_container=&#8221;yes&#8221; css=&#8221;.vc_custom_1519804692056{padding-top: 30px !important;padding-bottom: 30px !important;}&#8221;][vc_column width=&#8221;1\/4&#8243; css=&#8221;.vc_custom_1606747827982{padding-right: 40px !important;}&#8221;][vc_single_image image=&#8221;2613&#8243; img_size=&#8221;full&#8221;][\/vc_column][vc_column width=&#8221;3\/4&#8243;][vc_column_text]Em 2018 iniciamos longo processo de desenvolvimento de produtos, substituindo componentes qu\u00edmicos convencionais por mat\u00e9rias primas de origem vegetal e claro, sem abrir m\u00e3o da efic\u00e1cia e seguran\u00e7a dos cosm\u00e9ticos. Nossos produtos s\u00e3o para consumidores de qualquer idade que buscam qualidade de [&hellip;]<\/p>\n","protected":false},"author":1,"featured_media":0,"parent":0,"menu_order":0,"comment_status":"closed","ping_status":"closed","template":"","meta":{"footnotes":""},"class_list":["post-848","page","type-page","status-publish","hentry"],"_links":{"self":[{"href":"https:\/\/adorlyscosmeticos.com.br\/loja\/wp-json\/wp\/v2\/pages\/848","targetHints":{"allow":["GET"]}}],"collection":[{"href":"https:\/\/adorlyscosmeticos.com.br\/loja\/wp-json\/wp\/v2\/pages"}],"about":[{"href":"https:\/\/adorlyscosmeticos.com.br\/loja\/wp-json\/wp\/v2\/types\/page"}],"author":[{"embeddable":true,"href":"https:\/\/adorlyscosmeticos.com.br\/loja\/wp-json\/wp\/v2\/users\/1"}],"replies":[{"embeddable":true,"href":"https:\/\/adorlyscosmeticos.com.br\/loja\/wp-json\/wp\/v2\/comments?post=848"}],"version-history":[{"count":25,"href":"https:\/\/adorlyscosmeticos.com.br\/loja\/wp-json\/wp\/v2\/pages\/848\/revisions"}],"predecessor-version":[{"id":2835,"href":"https:\/\/adorlyscosmeticos.com.br\/loja\/wp-json\/wp\/v2\/pages\/848\/revisions\/2835"}],"wp:attachment":[{"href":"https:\/\/adorlyscosmeticos.com.br\/loja\/wp-json\/wp\/v2\/media?parent=848"}],"curies":[{"name":"wp","href":"https:\/\/api.w.org\/{rel}","templated":true}]}}